common factor of 13675 and 225.
25
What is the greatest common divisor of 1764 and 457884?
252
Calculate the greatest common factor of 262 and 176326.
262
Calculate the greatest common divisor of 48401 and 11629.
29
What is the highest common factor of 28 and 68?
4
What is the greatest common divisor of 545715 and 21177?
1629
What is the highest common divisor of 123690 and 80?
10
What is the highest common factor of 246 and 14796?
6
What is the greatest common divisor of 1035 and 348210?
45
Calculate the greatest common factor of 21330 and 170.
10
What is the greatest common factor of 331 and 11?
1
What is the greatest common factor of 26033 and 28?
7
What is the highest common divisor of 7634813 and 10805?
2161
Calculate the highest common divisor of 14828 and 16.
4
What is the greatest common divisor of 434 and 1395?
31
What is the greatest common factor of 775 and 42005?
155
Calculate the greatest common factor of 28197 and 468.
117
Calculate the greatest common factor of 9327 and 15.
3
Calculate the greatest common divisor of 636 and 1848.
12
Calculate the highest common divisor of 1860 and 3160.
20
Calculate the greatest common divisor of 235 and 652031.
47
What is the greatest common divisor of 16859 and 529?
23
What is the highest common divisor of 938 and 66866?
134
Calculate the greatest common divisor of 52 and 2020304.
52
Calculate the highest common divisor of 1034701 and 23.
23
What is the greatest common factor of 11 and 109?
1
What is the highest common divisor of 1228312 and 380?
76
Calculate the greatest common divisor of 27 and 157761.
27
Calculate the highest common divisor of 18256 and 21.
7
Calculate the greatest common factor of 145124 and 112.
28
What is the highest common factor of 254711 and 34?
17
Calculate the greatest common divisor of 6027 and 2359.
7
What is the highest common divisor of 29097 and 28143?
477
Calculate the greatest common divisor of 4930 and 9.
1
Calculate the highest common factor of 14183 and 533.
13
Calculate the highest common divisor of 2192 and 832.
16
What is the highest common divisor of 25380 and 5060?
20
What is the highest common factor of 36676 and 212?
212
Calculate the highest common divisor of 56653 and 939.
313
Calculate the greatest common divisor of 874 and 82327.
19
What is the highest common factor of 32565 and 105?
15
What is the highest common divisor of 2634018 and 1422?
474
Calculate the highest common factor of 8 and 103568.
8
Calculate the highest common divisor of 29 and 735817.
29
Calculate the greatest common factor of 30156 and 1344.
84
Calculate the highest common divisor of 74 and 8752.
2
Calculate the greatest common divisor of 1436830 and 30.
10
What is the highest common factor of 162049 and 10741?
467
Calculate the greatest common divisor of 4946688 and 192.
192
What is the highest common factor of 2080 and 81640?
520
Calculate the highest common factor of 632240 and 40.
40
Calculate the greatest common divisor of 450 and 290910.
30
Calculate the greatest common divisor of 88831 and 211.
211
What is the highest common factor of 753888 and 864?
96
Calculate the highest common divisor of 648 and 50139.
81
What is the greatest common factor of 296 and 392?
8
What is the greatest common divisor of 9191034 and 6?
6
What is the highest common factor of 8544240 and 9?
9
Calculate the greatest common factor of 1189 and 348.
29
Calculate the greatest common factor of 21484 and 61439.
131
Calculate the greatest common divisor of 130 and 24670.
10
Calculate the greatest common factor of 126 and 102522.
42
Calculate the highest common divisor of 123448 and 9568.
104
What is the highest common divisor of 92813 and 875?
7
What is the highest common divisor of 476 and 110194?
238
Calculate the highest common divisor of 30 and 440120.
10
What is the greatest common divisor of 3248 and 336980?
812
What is the greatest common divisor of 2769822 and 297?
297
What is the greatest common divisor of 962 and 19812?
26
What is the greatest common factor of 10373 and 5819?
253
What is the highest common divisor of 5206353 and 1042?
521
What is the greatest common factor of 12 and 8984?
4
What is the greatest common divisor of 307452 and 12?
12
What is the greatest common factor of 20427 and 825?
33
What is the greatest common factor of 918 and 14586?
102
What is the greatest common factor of 820 and 1025?
205
Calculate the greatest common factor of 1064 and 126084.
532
Calculate the highest common factor of 109068 and 84.
12
What is the greatest common divisor of 22 and 1489796?
22
What is the highest common divisor of 11804 and 11856?
52
What is the greatest common factor of 4978 and 19126?
262
Calculate the highest common divisor of 2125086 and 18.
6
What is the highest common factor of 4665 and 1085?
5
Calculate the greatest common divisor of 6027 and 50176.
49
Calculate the greatest common divisor of 91498 and 5654.
22
What is the greatest common factor of 404877 and 66?
33
What is the greatest common factor of 304 and 247?
19
What is the highest common divisor of 63192 and 168?
24
Calculate the greatest common divisor of 34619 and 416.
13
Calculate the highest common factor of 150117 and 99.
33
What is the greatest common divisor of 6 and 75?
3
Calculate the highest common divisor of 180580 and 100.
20
Calculate the highest common divisor of 1138362 and 3390.
678
What is the highest common divisor of 26 and 176813?
13
What is the greatest common divisor of 654 and 17222?
218
Calculate the greatest common factor of 31171 and 3066.
511
Calculate the greatest common divisor of 7468 and 60.
4
What is the greatest common divisor of 903 and 1080289?
301
What is the highest common divisor of 187 and 825?
11
What is the greatest common factor of 50557 and 52?
13
Calculate the highest common divisor of 1908 and 516.
12
Calculate the highest common divisor of 1078 and 2728.
22
What is the greatest common divisor of 4912 and 80?
16
What is the greatest common factor of 38 and 5149?
19
What is the highest common divisor of 25 and 14408?
1
Calculate the highest common divisor of 7875 and 405.
45
Calculate the greatest common factor of 612 and 257958.
306
What is the greatest common divisor of 44 and 653829?
11
What is the highest common divisor of 1419 and 99201?
129
Calculate the highest common factor of 16 and 121744.
16
What is the highest common divisor of 72802 and 7120?
178
Calculate the greatest common divisor of 19695 and 25.
5
What is the highest common divisor of 225635 and 10?
5
Calculate the highest common factor of 51567 and 144.
3
What is the greatest common divisor of 297032 and 642?
214
Calculate the highest common factor of 7528 and 24.
8
Calculate the greatest common factor of 747 and 4383.
9
Calculate the greatest common divisor of 11538 and 298706.
1282
Calculate the greatest common factor of 10944 and 190080.
576
What is the greatest common factor of 1085977 and 254?
127
Calculate the greatest common factor of 294390 and 270.
90
What is the greatest common divisor of 138 and 1716076?
46
What is the greatest common factor of 1037 and 16084907?
1037
Calculate the highest common divisor of 7120 and 230.
10
Calculate the greatest common factor of 164666 and 6182.
562
Calculate the highest common factor of 33894 and 162.
18
What is the highest common factor of 2660 and 267995?
665
What is the highest common factor of 6526 and 130?
26
What is the greatest common divisor of 197 and 2968790?
197
Calculate the greatest common divisor of 85 and 53329.
17
What is the greatest common divisor of 364 and 165802?
182
Calculate the highest common factor of 78 and 251706.
78
Calculate the greatest common factor of 2347294 and 807.
269
Calculate the greatest common divisor of 338 and 311129.
169
What is the greatest common divisor of 1530 and 270?
90
Calculate the greatest common divisor of 4 and 976012.
4
Calculate the highest common factor of 5368 and 649.
11
Calculate the greatest common divisor of 4992 and 5376.
384
What is the greatest common divisor of 6056 and 8?
8
Calculate the greatest common factor of 714 and 84.
42
Calculate the highest common divisor of 378 and 602.
14
Calculate the highest common divisor of 2852 and 8990.
62
Calculate the highest common factor of 1496 and 2